{"id":53,"date":"2015-11-23T15:08:00","date_gmt":"2015-11-23T15:08:00","guid":{"rendered":"http:\/\/tecnoalum.cl\/?page_id=53"},"modified":"2017-11-24T18:52:27","modified_gmt":"2017-11-24T18:52:27","slug":"tecnosun-2","status":"publish","type":"page","link":"https:\/\/tecnoalum.cl\/index.php\/tecnosun-2\/","title":{"rendered":"Tecnosun"},"content":{"rendered":"<p>[et_pb_section fullwidth=\u00bbon\u00bb specialty=\u00bboff\u00bb][et_pb_fullwidth_header admin_label=\u00bbFullwidth Header\u00bb title=\u00bbTECNOSUN\u00bb subhead=\u00bbEnerg\u00eda Fotovoltaica y Termosolar\u00bb background_layout=\u00bbdark\u00bb text_orientation=\u00bbleft\u00bb header_fullscreen=\u00bboff\u00bb header_scroll_down=\u00bboff\u00bb background_url=\u00bbhttp:\/\/tecnoalum.cl\/wp-content\/uploads\/2015\/11\/header-tecnosun.png\u00bb parallax=\u00bboff\u00bb parallax_method=\u00bboff\u00bb content_orientation=\u00bbcenter\u00bb image_orientation=\u00bbcenter\u00bb custom_button_one=\u00bboff\u00bb button_one_letter_spacing=\u00bb0&#8243; button_one_use_icon=\u00bbdefault\u00bb button_one_icon_placement=\u00bbright\u00bb button_one_on_hover=\u00bbon\u00bb button_one_letter_spacing_hover=\u00bb0&#8243; custom_button_two=\u00bboff\u00bb button_two_letter_spacing=\u00bb0&#8243; button_two_use_icon=\u00bbdefault\u00bb button_two_icon_placement=\u00bbright\u00bb button_two_on_hover=\u00bbon\u00bb button_two_letter_spacing_hover=\u00bb0&#8243; \/][\/et_pb_section][et_pb_section fullwidth=\u00bboff\u00bb specialty=\u00bboff\u00bb][et_pb_row][et_pb_column type=\u00bb4_4&#8243;][et_pb_text admin_label=\u00bbText\u00bb background_layout=\u00bblight\u00bb text_orientation=\u00bbleft\u00bb use_border_color=\u00bboff\u00bb border_color=\u00bb#ffffff\u00bb border_style=\u00bbsolid\u00bb]<\/p>\n<p><em><strong>TECNOSUN<\/strong> es una divisi\u00f3n de Constructora y Comercial Tecnoalum Ltda. Se constituye para dar una soluci\u00f3n integral a las necesidades de energ\u00eda sustentable tanto el\u00e9ctricas (fotovoltaica) como t\u00e9rmica (termosolar) haciendo uso de la fuente inagotable de enrg\u00eda que nos proporciona el sol. Podemos desarrollar proyectos de las m\u00e1s diversa caracter\u00edsticas y poder as\u00ed dar respuesta\u00a0 los requerimientos de nuestros clientes. Los proyectos a desarrollar podemos clasificarlos en: Off Grid, On grid, estos \u00faltimos que son de conecci\u00f3n a la red, pueden acogerse a la ley Net Billing o a la ley Net Mettering, para dar soluciones domiciliarias o industriales. Contamos con Ingenieros permanetes en Automatizaci\u00f3n y Control Industrial, T\u00e9cnico en Mantenci\u00f3n Industrial con vasta experiencia en Industria e Ingeniero en Construcci\u00f3n, adem\u00e1s de un personal altamente calificado para la ejecuci\u00f3n de nuestros trabajos.<\/em><\/p>\n<p>[\/et_pb_text][\/et_pb_column][\/et_pb_row][et_pb_row][et_pb_column type=\u00bb1_3&#8243;][et_pb_image admin_label=\u00bbImage\u00bb src=\u00bbhttp:\/\/tecnoalum.cl\/wp-content\/uploads\/2015\/11\/tecnosun1.jpg\u00bb show_in_lightbox=\u00bboff\u00bb url_new_window=\u00bboff\u00bb animation=\u00bbleft\u00bb sticky=\u00bboff\u00bb align=\u00bbleft\u00bb force_fullwidth=\u00bboff\u00bb always_center_on_mobile=\u00bbon\u00bb use_border_color=\u00bboff\u00bb border_color=\u00bb#ffffff\u00bb border_style=\u00bbsolid\u00bb \/][\/et_pb_column][et_pb_column type=\u00bb2_3&#8243;][et_pb_tabs admin_label=\u00bbTabs\u00bb use_border_color=\u00bboff\u00bb border_color=\u00bb#ffffff\u00bb border_style=\u00bbsolid\u00bb][et_pb_tab title=\u00bbPol\u00edtica de Calidad\u00bb tab_font_select=\u00bbdefault\u00bb body_font_select=\u00bbdefault\u00bb]<\/p>\n<p><em>\u201cTecnosun, dise\u00f1a y calcula instalaciones fotovoltaicas y termosolares para satisfacer las necesidades de nuestros clientes de energ\u00eda limpia por medio de la fuente inagotable de energ\u00eda que nos proporciona en sol. Asegurando la calidad de sus proyectos utilizando componentes de la m\u00e1s alta calidad, con personal calificado y comprometido al proceso de mejoramiento continuo, cuidando su calidad de vida. Cumpliendo con los lineamientos auto impuestos bajo la estructura de la Norma ISO 9001:2008,\u00a0 legislaciones y regulaciones de seguridad, higiene y ambiente\u201d.<\/em><\/p>\n<p><em>De manera especial, Tecnoalum se auto impone un compromiso medio ambiental <strong>\u201cCero residuos s\u00f3lidos a los vertederos\u201d <\/strong>; reutilizando, reduciendo y reciclando.<\/em><\/p>\n<p>&nbsp;<\/p>\n<p>[\/et_pb_tab][et_pb_tab title=\u00bbMisi\u00f3n\u00bb tab_font_select=\u00bbdefault\u00bb body_font_select=\u00bbdefault\u00bb]<\/p>\n<p><em>\u00a0\u201cTecnosun, para satisfacer las necesidades de sus clientes, tanto del sector p\u00fablico como privado, en sus procesos \u00a0involucrados en el c\u00e1lculo y dise\u00f1o de instalaciones solares, asegura la calidad de sus proyectos, con personal calificado y comprometido con las buenas pr\u00e1cticas en sus procesos, cuidando su calidad de vida. Cumpliendo con los lineamientos de la Norma ISO 9001:2008 ; legislaciones y regulaciones de seguridad, higiene.<\/em><\/p>\n<p>[\/et_pb_tab][et_pb_tab title=\u00bbVisi\u00f3n\u00bb tab_font_select=\u00bbdefault\u00bb body_font_select=\u00bbdefault\u00bb]<\/p>\n<p><em>\u201cTecnoalum se constituir\u00e1 en una empresa L\u00edder; en el c\u00e1lculo, dise\u00f1o y montaje de instalaciones solares. competitiva en calidad y servicio, invirtiendo en innovaci\u00f3n permanentemente en sus procesos, garantizando la satisfacci\u00f3n de sus clientes\u201d<\/em><\/p>\n<p>[\/et_pb_tab][et_pb_tab title=\u00bbObjetivos de la Calidad\u00bb tab_font_select=\u00bbdefault\u00bb body_font_select=\u00bbdefault\u00bb]<\/p>\n<ul>\n<li><em>Asegurar que los productos suministrados a nuestros clientes sean de mejor est\u00e1ndar y que satisfagan sus necesidades en todo sentido.<\/em><\/li>\n<li><em>Asegurar que las especificaciones y requerimientos que exigen nuestros clientes sean siempre satisfechas, tanto en t\u00e9rmino de productos como en servicios.<\/em><\/li>\n<li><em>Tanto empleados como el personal de n\u00f3mina mensual y diaria est\u00e1n conscientes del compromiso de Calidad y dedican esfuerzos\u00a0 para que Tecnosun sea contemplada como una empresa que ofrece el m\u00e1ximo nivel de calidad a sus clientes.<\/em><\/li>\n<\/ul>\n<p>[\/et_pb_tab][\/et_pb_tabs][\/et_pb_column][\/et_pb_row][et_pb_row][et_pb_column type=\u00bb4_4&#8243;][et_pb_text admin_label=\u00bbText\u00bb background_layout=\u00bblight\u00bb text_orientation=\u00bbleft\u00bb use_border_color=\u00bboff\u00bb border_color=\u00bb#ffffff\u00bb border_style=\u00bbsolid\u00bb]<\/p>\n<h3>\u00bfQu\u00e9 es la Energ\u00eda Fotovoltaica?<\/h3>\n<p>La <b>energ\u00eda solar fotovoltaica<\/b> es una fuente de energ\u00eda que produce electricidad de origen renovable,<span style=\"font-size: 13.3333px; line-height: 20px;\">\u00a0<\/span>obtenida directamente a partir de la radiaci\u00f3n solar mediante un dispositivo semiconductor denominado c\u00e9lula fotovoltaica, o bien mediante una deposici\u00f3n de metales sobre un sustrato denominada c\u00e9lula solar de pel\u00edcula fina.<\/p>\n<p>[\/et_pb_text][et_pb_text admin_label=\u00bbText\u00bb background_layout=\u00bblight\u00bb text_orientation=\u00bbleft\u00bb use_border_color=\u00bboff\u00bb border_color=\u00bb#ffffff\u00bb border_style=\u00bbsolid\u00bb]<\/p>\n<h3>\u00bfQu\u00e9 es la Energ\u00eda Termosolar?<\/h3>\n<p>La <b>energ\u00eda solar t\u00e9rmica<\/b> o <b>energ\u00eda termosolar<\/b> consiste en el aprovechamiento de la energ\u00eda del Sol para producir calor que puede aprovecharse para cocinar alimentos o para la producci\u00f3n de agua caliente destinada al consumo de agua dom\u00e9stico, ya sea agua caliente sanitaria, calefacci\u00f3n, o para producci\u00f3n de energ\u00eda mec\u00e1nica y, a partir de ella, de energ\u00eda el\u00e9ctrica. Adicionalmente puede emplearse para alimentar una m\u00e1quina de refrigeraci\u00f3n por absorci\u00f3n, que emplea calor en lugar de electricidad para producir fr\u00edo con el que se puede acondicionar el aire de los locales.<\/p>\n<p>[\/et_pb_text][\/et_pb_column][\/et_pb_row][et_pb_row][et_pb_column type=\u00bb1_3&#8243;][et_pb_image admin_label=\u00bbImagen\u00bb src=\u00bbhttp:\/\/tecnoalum.cl\/wp-content\/uploads\/2015\/11\/DSC_0144_2.jpg\u00bb show_in_lightbox=\u00bboff\u00bb url_new_window=\u00bboff\u00bb animation=\u00bbleft\u00bb sticky=\u00bboff\u00bb align=\u00bbleft\u00bb force_fullwidth=\u00bboff\u00bb always_center_on_mobile=\u00bbon\u00bb use_border_color=\u00bboff\u00bb border_color=\u00bb#ffffff\u00bb border_style=\u00bbsolid\u00bb \/][\/et_pb_column][et_pb_column type=\u00bb1_3&#8243;][et_pb_image admin_label=\u00bbImagen\u00bb src=\u00bbhttp:\/\/tecnoalum.cl\/wp-content\/uploads\/2015\/11\/DSC_0940.jpg\u00bb show_in_lightbox=\u00bboff\u00bb url_new_window=\u00bboff\u00bb animation=\u00bbleft\u00bb sticky=\u00bboff\u00bb align=\u00bbleft\u00bb force_fullwidth=\u00bboff\u00bb always_center_on_mobile=\u00bbon\u00bb use_border_color=\u00bboff\u00bb border_color=\u00bb#ffffff\u00bb border_style=\u00bbsolid\u00bb \/][\/et_pb_column][et_pb_column type=\u00bb1_3&#8243;][et_pb_image admin_label=\u00bbImagen\u00bb src=\u00bbhttp:\/\/tecnoalum.cl\/wp-content\/uploads\/2015\/11\/DSC_0093.jpg\u00bb show_in_lightbox=\u00bboff\u00bb url_new_window=\u00bboff\u00bb animation=\u00bbleft\u00bb sticky=\u00bboff\u00bb align=\u00bbleft\u00bb force_fullwidth=\u00bboff\u00bb always_center_on_mobile=\u00bbon\u00bb use_border_color=\u00bboff\u00bb border_color=\u00bb#ffffff\u00bb border_style=\u00bbsolid\u00bb \/][\/et_pb_column][\/et_pb_row][\/et_pb_section]<\/p>\n","protected":false},"excerpt":{"rendered":"<p>[et_pb_section fullwidth=\u00bbon\u00bb specialty=\u00bboff\u00bb][et_pb_fullwidth_header admin_label=\u00bbFullwidth Header\u00bb title=\u00bbTECNOSUN\u00bb subhead=\u00bbEnerg\u00eda Fotovoltaica y Termosolar\u00bb background_layout=\u00bbdark\u00bb text_orientation=\u00bbleft\u00bb header_fullscreen=\u00bboff\u00bb header_scroll_down=\u00bboff\u00bb background_url=\u00bbhttp:\/\/tecnoalum.cl\/wp-content\/uploads\/2015\/11\/header-tecnosun.png\u00bb parallax=\u00bboff\u00bb parallax_method=\u00bboff\u00bb content_orientation=\u00bbcenter\u00bb image_orientation=\u00bbcenter\u00bb custom_button_one=\u00bboff\u00bb button_one_letter_spacing=\u00bb0&#8243; button_one_use_icon=\u00bbdefault\u00bb button_one_icon_placement=\u00bbright\u00bb button_one_on_hover=\u00bbon\u00bb button_one_letter_spacing_hover=\u00bb0&#8243; custom_button_two=\u00bboff\u00bb button_two_letter_spacing=\u00bb0&#8243; button_two_use_icon=\u00bbdefault\u00bb button_two_icon_placement=\u00bbright\u00bb button_two_on_hover=\u00bbon\u00bb button_two_letter_spacing_hover=\u00bb0&#8243; \/][\/et_pb_section][et_pb_section fullwidth=\u00bboff\u00bb specialty=\u00bboff\u00bb][et_pb_row][et_pb_column type=\u00bb4_4&#8243;][et_pb_text admin_label=\u00bbText\u00bb background_layout=\u00bblight\u00bb text_orientation=\u00bbleft\u00bb use_border_color=\u00bboff\u00bb border_color=\u00bb#ffffff\u00bb border_style=\u00bbsolid\u00bb] TECNOSUN es una divisi\u00f3n de Constructora y Comercial Tecnoalum Ltda. Se constituye para dar [&hellip;]<\/p>\n","protected":false},"author":1,"featured_media":0,"parent":0,"menu_order":0,"comment_status":"closed","ping_status":"closed","template":"","meta":[],"_links":{"self":[{"href":"https:\/\/tecnoalum.cl\/index.php\/wp-json\/wp\/v2\/pages\/53"}],"collection":[{"href":"https:\/\/tecnoalum.cl\/index.php\/wp-json\/wp\/v2\/pages"}],"about":[{"href":"https:\/\/tecnoalum.cl\/index.php\/wp-json\/wp\/v2\/types\/page"}],"author":[{"embeddable":true,"href":"https:\/\/tecnoalum.cl\/index.php\/wp-json\/wp\/v2\/users\/1"}],"replies":[{"embeddable":true,"href":"https:\/\/tecnoalum.cl\/index.php\/wp-json\/wp\/v2\/comments?post=53"}],"version-history":[{"count":15,"href":"https:\/\/tecnoalum.cl\/index.php\/wp-json\/wp\/v2\/pages\/53\/revisions"}],"predecessor-version":[{"id":296,"href":"https:\/\/tecnoalum.cl\/index.php\/wp-json\/wp\/v2\/pages\/53\/revisions\/296"}],"wp:attachment":[{"href":"https:\/\/tecnoalum.cl\/index.php\/wp-json\/wp\/v2\/media?parent=53"}],"curies":[{"name":"wp","href":"https:\/\/api.w.org\/{rel}","templated":true}]}}