{"id":84,"date":"2015-12-01T19:35:44","date_gmt":"2015-12-01T19:35:44","guid":{"rendered":"http:\/\/tecnoalum.cl\/?page_id=84"},"modified":"2017-11-24T18:30:03","modified_gmt":"2017-11-24T18:30:03","slug":"nuestra-empresa","status":"publish","type":"page","link":"https:\/\/tecnoalum.cl\/index.php\/nuestra-empresa\/","title":{"rendered":"Nuestra Empresa"},"content":{"rendered":"<p>[et_pb_section][et_pb_row][et_pb_column type=\u00bb1_2&#8243;][et_pb_text admin_label=\u00bbText\u00bb background_layout=\u00bblight\u00bb text_orientation=\u00bbleft\u00bb use_border_color=\u00bboff\u00bb border_color=\u00bb#ffffff\u00bb border_style=\u00bbsolid\u00bb]<\/p>\n<h3>Nuestra Empresa<\/h3>\n<p><em>Constructora y Comercial Tecnoalum Ltda. Se constituye para dar una soluci\u00f3n integral a las necesidades de edificaci\u00f3n tanto industrial como comercial. Con un personal altamente calificado para la ejecuci\u00f3n de nuestros trabajos en estructuras met\u00e1licas, construcci\u00f3n de edificios, cristales y aluminios. <\/em><\/p>\n<p><em>En la actualidad hemos diversificado nuestra actividad, incorporanto nuevas l\u00edneas de desarrollo; TECNOTHERM, divisi\u00f3n especializada en carpinter\u00eda de aluminio , pvc y termo paneles, TECNOHOUSE divisi\u00f3n especializada en el desarrollo de viviendas modulares tecnificadas, TECNOSUN divisi\u00f3n especializada en el desarrollo de proyectos solar fotovoltaico y termosolar.<\/em><\/p>\n<p><em>Contamos con profesionales permanentes como Ingeniero en Automatizaci\u00f3n y Control Industrial, T\u00e9cnico en Mantenimiento Industrial, Ingeniero en Construcci\u00f3n. Arquitecto, Ingeniero Civil con vasta experiencia.<\/em><\/p>\n<p>&nbsp;<\/p>\n<p>[\/et_pb_text][et_pb_text admin_label=\u00bbText\u00bb background_layout=\u00bblight\u00bb text_orientation=\u00bbleft\u00bb use_border_color=\u00bboff\u00bb border_color=\u00bb#ffffff\u00bb border_style=\u00bbsolid\u00bb]<\/p>\n<h4>Misi\u00f3n<\/h4>\n<p><em>Tecnoalum, para satisfacer las necesidades de sus clientes, tanto del sector p\u00fablico como privado, en sus procesos productivos involucrados en la construcci\u00f3n de edificios, naves industriales y comerciales, asegura la calidad de sus fabricaciones, con personal calificado y comprometido con las buenas pr\u00e1cticas en sus procesos, cuidando su calidad de vida. Cumpliendo con los lineamientos de la Norma ISO 9001:2008 ; legislaciones y regulaciones de seguridad, higiene.<\/em><\/p>\n<p>[\/et_pb_text][et_pb_text admin_label=\u00bbText\u00bb background_layout=\u00bblight\u00bb text_orientation=\u00bbleft\u00bb use_border_color=\u00bboff\u00bb border_color=\u00bb#ffffff\u00bb border_style=\u00bbsolid\u00bb]<\/p>\n<h3>Visi\u00f3n<\/h3>\n<p><em>Tecnoalum se constituir\u00e1 en una empresa L\u00edder; fabricante de edificios, naves industriales y comerciales, competitiva en calidad y servicio, invirtiendo en innovaci\u00f3n permanentemente en sus procesos, garantizando la satisfacci\u00f3n de sus clientes<\/em><\/p>\n<p>[\/et_pb_text][et_pb_text admin_label=\u00bbText\u00bb background_layout=\u00bblight\u00bb text_orientation=\u00bbleft\u00bb use_border_color=\u00bboff\u00bb border_color=\u00bb#ffffff\u00bb border_style=\u00bbsolid\u00bb]<\/p>\n<h3>Pol\u00edtica de la Calidad<\/h3>\n<p><em>\u201cTecnoalum, fabrica edificios, naves industriales y \u00a0comerciales de la m\u00e1s alta calidad, compatibles con los procesos productivos, especificaciones y normas t\u00e9cnicas requeridas por los clientes de manera de satisfacer sus necesidades. Asegurando la calidad de sus fabricaciones, con personal calificado y comprometido al proceso de mejoramiento continuo, cuidando su calidad de vida. Cumpliendo con los lineamientos auto impuestos bajo la estructura de la Norma ISO 9001:2008,\u00a0 legislaciones y regulaciones de seguridad, higiene y ambiente\u201d.<\/em><\/p>\n<p><em>De manera especial, Tecnoalum se auto impone un compromiso medio ambiental <strong>\u201cCero residuos s\u00f3lidos a los vertederos\u201d <\/strong>; reutilizando, reduciendo y reciclando.<\/em><\/p>\n<p><em>\u00a0<\/em><\/p>\n<p>&nbsp;<\/p>\n<p>[\/et_pb_text][et_pb_text admin_label=\u00bbText\u00bb background_layout=\u00bblight\u00bb text_orientation=\u00bbleft\u00bb use_border_color=\u00bboff\u00bb border_color=\u00bb#ffffff\u00bb border_style=\u00bbsolid\u00bb]<\/p>\n<h3><strong><em>Objetivos de la Calidad<\/em><\/strong><\/h3>\n<ul>\n<li><em>Asegurar que los productos suministrados a nuestros clientes sean de mejor est\u00e1ndar y que satisfagan sus necesidades en todo sentido.<\/em><\/li>\n<li><em>Asegurar que las especificaciones y requerimientos que exigen nuestros clientes sean siempre satisfechas, tanto en t\u00e9rmino de productos como en servicios.<\/em><\/li>\n<li><em>Tanto empleados como el personal de n\u00f3mina mensual est\u00e1n conscientes del compromiso de Calidad y dedican esfuerzos para que Tecnoalum sea contemplada como una empresa que ofrece el m\u00e1ximo nivel de calidad a sus clientes.<\/em><\/li>\n<\/ul>\n<p>[\/et_pb_text][\/et_pb_column][et_pb_column type=\u00bb1_2&#8243;][et_pb_image admin_label=\u00bbImage\u00bb src=\u00bbhttp:\/\/tecnoalum.cl\/wp-content\/uploads\/2015\/12\/DSC00551.jpg\u00bb show_in_lightbox=\u00bboff\u00bb url_new_window=\u00bboff\u00bb animation=\u00bbleft\u00bb sticky=\u00bboff\u00bb align=\u00bbleft\u00bb force_fullwidth=\u00bboff\u00bb always_center_on_mobile=\u00bbon\u00bb use_border_color=\u00bboff\u00bb border_color=\u00bb#ffffff\u00bb border_style=\u00bbsolid\u00bb \/][et_pb_image admin_label=\u00bbImage\u00bb src=\u00bbhttp:\/\/tecnoalum.cl\/wp-content\/uploads\/2015\/12\/Escanear-15.jpeg\u00bb show_in_lightbox=\u00bboff\u00bb url_new_window=\u00bboff\u00bb animation=\u00bbleft\u00bb sticky=\u00bboff\u00bb align=\u00bbleft\u00bb force_fullwidth=\u00bboff\u00bb always_center_on_mobile=\u00bbon\u00bb use_border_color=\u00bboff\u00bb border_color=\u00bb#ffffff\u00bb border_style=\u00bbsolid\u00bb \/][et_pb_image admin_label=\u00bbImage\u00bb src=\u00bbhttp:\/\/tecnoalum.cl\/wp-content\/uploads\/2015\/12\/Escanear-6.jpeg\u00bb show_in_lightbox=\u00bboff\u00bb url_new_window=\u00bboff\u00bb animation=\u00bbleft\u00bb sticky=\u00bboff\u00bb align=\u00bbleft\u00bb force_fullwidth=\u00bboff\u00bb always_center_on_mobile=\u00bbon\u00bb use_border_color=\u00bboff\u00bb border_color=\u00bb#ffffff\u00bb border_style=\u00bbsolid\u00bb \/][et_pb_image admin_label=\u00bbImagen\u00bb src=\u00bbhttp:\/\/tecnoalum.cl\/wp-content\/uploads\/2015\/12\/DSC07310.jpg\u00bb show_in_lightbox=\u00bboff\u00bb url_new_window=\u00bboff\u00bb animation=\u00bbleft\u00bb sticky=\u00bboff\u00bb align=\u00bbleft\u00bb force_fullwidth=\u00bboff\u00bb always_center_on_mobile=\u00bbon\u00bb use_border_color=\u00bboff\u00bb border_color=\u00bb#ffffff\u00bb border_style=\u00bbsolid\u00bb \/][\/et_pb_column][\/et_pb_row][\/et_pb_section]<\/p>\n","protected":false},"excerpt":{"rendered":"<p>[et_pb_section][et_pb_row][et_pb_column type=\u00bb1_2&#8243;][et_pb_text admin_label=\u00bbText\u00bb background_layout=\u00bblight\u00bb text_orientation=\u00bbleft\u00bb use_border_color=\u00bboff\u00bb border_color=\u00bb#ffffff\u00bb border_style=\u00bbsolid\u00bb] Nuestra Empresa Constructora y Comercial Tecnoalum Ltda. Se constituye para dar una soluci\u00f3n integral a las necesidades de edificaci\u00f3n tanto industrial como comercial. Con un personal altamente calificado para la ejecuci\u00f3n de nuestros trabajos en estructuras met\u00e1licas, construcci\u00f3n de edificios, cristales y aluminios. En la actualidad hemos [&hellip;]<\/p>\n","protected":false},"author":1,"featured_media":0,"parent":0,"menu_order":0,"comment_status":"closed","ping_status":"closed","template":"","meta":[],"_links":{"self":[{"href":"https:\/\/tecnoalum.cl\/index.php\/wp-json\/wp\/v2\/pages\/84"}],"collection":[{"href":"https:\/\/tecnoalum.cl\/index.php\/wp-json\/wp\/v2\/pages"}],"about":[{"href":"https:\/\/tecnoalum.cl\/index.php\/wp-json\/wp\/v2\/types\/page"}],"author":[{"embeddable":true,"href":"https:\/\/tecnoalum.cl\/index.php\/wp-json\/wp\/v2\/users\/1"}],"replies":[{"embeddable":true,"href":"https:\/\/tecnoalum.cl\/index.php\/wp-json\/wp\/v2\/comments?post=84"}],"version-history":[{"count":13,"href":"https:\/\/tecnoalum.cl\/index.php\/wp-json\/wp\/v2\/pages\/84\/revisions"}],"predecessor-version":[{"id":261,"href":"https:\/\/tecnoalum.cl\/index.php\/wp-json\/wp\/v2\/pages\/84\/revisions\/261"}],"wp:attachment":[{"href":"https:\/\/tecnoalum.cl\/index.php\/wp-json\/wp\/v2\/media?parent=84"}],"curies":[{"name":"wp","href":"https:\/\/api.w.org\/{rel}","templated":true}]}}